4 a factor of 36870170?
False
Does 57 divide 201956529?
True
Does 2183 divide 17721296?
False
Is 19 a factor of 2250744712?
True
Is 82 a factor of 520979128?
True
Is 4454531277 a multiple of 1606?
False
Is 921611010 a multiple of 166?
False
Is 5 a factor of 500316671?
False
Does 2 divide 31860044?
True
Does 5 divide 419570415?
True
Does 249 divide 163256648?
False
Is 1368 a factor of 54280872?
True
Is 34 a factor of 300973270?
True
Does 40 divide 100998714?
False
Does 9 divide 1408600?
False
Is 33730453 a multiple of 1387?
True
Is 3536 a factor of 60592896?
True
Is 494 a factor of 27279174?
True
Does 23 divide 62945158?
True
Does 191 divide 608961086?
False
Does 3458 divide 1119037210?
False
Does 11 divide 17961097?
True
Is 8185 a factor of 2587767386?
False
Is 740184165 a multiple of 765?
True
Is 2220005038 a multiple of 7672?
False
Is 146 a factor of 2984965?
False
Is 6 a factor of 64665811?
False
Is 5 a factor of 46616110?
True
Is 182737088 a multiple of 369?
False
Does 172 divide 67456307?
False
Is 4523315040 a multiple of 72?
True
Does 2244 divide 1145196925?
False
Is 35266030 a multiple of 24?
False
Does 165 divide 4341456?
False
Does 20 divide 107918513?
False
Is 4003 a factor of 133147786?
True
Is 431428917 a multiple of 37?
True
Does 45 divide 7823430?
True
Is 260 a factor of 637726700?
True
Is 20 a factor of 75961720?
True
Does 102 divide 835619904?
True
Is 3674760393 a multiple of 1064?
False
Does 3 divide 799492878?
True
Is 6 a factor of 11002038?
True
Is 24828867 a multiple of 9?
True
Is 51 a factor of 41986413?
True
Is 151 a factor of 64210485?
True
Is 1065039 a multiple of 44?
False
Is 37 a factor of 287059394?
True
Is 610 a factor of 37241720?
True
Is 6936 a factor of 839505696?
True
Is 14 a factor of 70442358?
True
Does 590 divide 2714459020?
True
Does 65 divide 500046690?
True
Does 285 divide 392031465?
True
Is 1367844075 a multiple of 2895?
True
Is 41019387 a multiple of 6?
False
Does 92 divide 38757410?
False
Does 1795 divide 959107990?
True
Is 13850582 a multiple of 70?
False
Does 187 divide 389166841?
False
Is 16 a factor of 30212934?
False
Is 37279200 a multiple of 2400?
True
Does 103 divide 49163239?
True
Does 2726 divide 218685703?
False
Is 11 a factor of 503546580?
False
Is 143 a factor of 4467552661?
True
Is 2418 a factor of 601508934?
True
Is 192300606 a multiple of 102?
False
Does 316 divide 21558393?
False
Is 23962959 a multiple of 27?
True
Is 8 a factor of 535152504?
True
Does 1182 divide 6842023548?
True
Does 216 divide 27233496?
True
Is 4910 a factor of 997127710?
True
Is 239847523 a multiple of 394?
False
Does 11 divide 40372640?
True
Is 17 a factor of 41799001?
False
Is 4550943852 a multiple of 897?
True
Does 32 divide 1576992?
True
Is 69041 a multiple of 7?
True
Is 152 a factor of 3901909?
False
Is 1490138748 a multiple of 32?
False
Is 4965 a factor of 136085685?
True
Does 159 divide 73070040?
True
Does 1714 divide 320404876?
True
Is 11 a factor of 7297191?
True
Is 19213168 a multiple of 208?
True
Is 2358169452 a multiple of 116?
True
Is 2722 a factor of 405284024?
True
Is 434517384 a multiple of 28?
True
Is 20189965 a multiple of 10?
False
Is 3706771887 a multiple of 63?
True
Does 9 divide 441606940?
False
Is 22396824 a multiple of 47?
False
Does 108 divide 36823272?
False
Is 166 a factor of 40099292?
True
Is 114063 a multiple of 2?
False
Does 208 divide 69645627?
False
Does 301 divide 484376399?
False
Is 6759117 a multiple of 574?
False
Is 1213400400 a multiple of 25?
True
Does 1013 divide 106794705?
False
Is 24656688 a multiple of 9?
True
Is 12 a factor of 233479500?
True
Does 5481 divide 281247346?
False
Does 750 divide 3275092966?
False
Is 357 a factor of 170763037?
False
Does 4701 divide 638815708?
False
Is 9050 a factor of 3366411765?
False
Is 2 a factor of 188005?
False
Is 271033892 a multiple of 66?
False
Is 23 a factor of 3944582?
False
Does 3510 divide 20122830?
True
Does 9 divide 2472612752?
False
Is 78 a factor of 549455562?
False
Does 214 divide 21644609?
False
Is 2559 a factor of 202015137?
True
Is 503 a factor of 5884597?
True
Does 1811 divide 101653241?
True
Is 659406419 a multiple of 5719?
True
Is 32638380 a multiple of 1380?
True
Does 2208 divide 101629824?
True
Is 149 a factor of 13119065?
False
Is 104254974 a multiple of 666?
True
Is 248315 a multiple of 8?
False
Is 15 a factor of 8803106?
False
Is 99 a factor of 98901576?
False
Is 18 a factor of 285672457?
False
Is 185 a factor of 132831782?
False
Is 3344094 a multiple of 78?
True
Is 65017664 a multiple of 196?
False
Does 279 divide 2768097?
False
Is 294 a factor of 5179104?
True
Is 96 a factor of 1466874184?
False
Does 57 divide 5176194?
False
Does 1343 divide 78324157?
False
Is 1197 a factor of 29653281?
True
Does 52 divide 812547216?
True
Does 33 divide 51024955?
False
Is 2278 a factor of 4620683810?
True
Does 14 divide 534869062?
True
Is 36 a factor of 75637656?
True
Does 29 divide 14217192?
True
Does 1060 divide 222521560?
True
Is 126035590 even?
True
Is 37 a factor of 158576218?
False
Is 71235431 a multiple of 2?
False
Does 89 divide 23435925?
True
Is 396 a factor of 8875765?
False
Is 247933493 a multiple of 3021?
False
Does 4 divide 3839584?
True
Is 62 a factor of 202263779?
False
Is 17198558 a multiple of 3183?
False
Is 2205338418 a multiple of 423?
True
Does 33 divide 3575716?
False
Is 1427632532 a multiple of 3538?
True
Does 197 divide 68786679?
False
Does 123 divide 13128388?
False
Is 2998527 a multiple of 22?
False
Is 168211960 a multiple of 1402?
True
Does 72 divide 289890360?
True
Is 196 a factor of 40239584?
True
Is 459 a factor of 363528918?
True
Does 2 divide 1253833?
False
Is 371 a factor of 19803609?
True
Is 1463444 a multiple of 27?
False
Is 6684130002 a multiple of 25?
False
Does 59 divide 941540717?
False
Is 29044355 a multiple of 47?
True
Is 46 a factor of 114855841?
False
Does 478 divide 948148441?
False
Is 942016 a multiple of 82?
True
Does 49 divide 44081429?
True
Is 447039582 a multiple of 726?
True
Is 8 a factor of 6913733?
False
Does 145 divide 60089640?
False
Is 37 a factor of 130156174?
False
Does 1491 divide 22830915?
False
Is 8297555 a multiple of 5?
True
Does 355 divide 48012840?
False
Does 11 divide 205075718?
False
Does 21 divide 28346430?
True
Does 140 divide 321582804?
False
Is 380699001 a multiple of 14?
False
Does 278 divide 18588827?
False
Is 450 a factor of 35142739?
False
Is 2102249092 a multiple of 576?
False
Does 16 divide 163869184?
True
Is 518 a factor of 429318400?
True
Is 653 a factor of 97709043?
True
Is 12 a factor of 63732972?
True
Is 53893090 a multiple of 226?
True
Is 23954922 a multiple of 786?
True
Does 40 divide 105026200?
True
Is 71 a factor of 11191672?
False
Is 23 a factor of 52485512?
False
Does 155 divide 421705245?
True
Is 5 a factor of 2473260?
True
Does 8893 divide 2337062614?
True
Is 132 a factor of 257522286?
False
Does 405 divide 35814027?
False
Is 6 a factor of 23072618?
False
Does 49 divide 3431781885?
True
Does 1017 divide 18590760?
True
Is 841 a factor of 70731037?
False
Is 304 a factor of 33180384?
True
Does 561 divide 275316253?
False
Is 19 a factor of 78630207?
False
Does 137 divide 2102893001?
False
Is 21418702 a multiple of 478?
True
Is 15942666 a multiple of 21?
False
Is 2791 a factor of 92585843?
True
Is 1375 a factor of 26041405?
False
Is 74154663 a multiple of 19?
True
Is 10 a factor of 34031097?
False
Is 830376100 a multiple of 2690?
True
Does 13 divide 480033827?
True
Is 5911582 a multiple of 8?
False
Does 225 divide 16119675?
True
Does 808 divide 422779262?
False
Is 971095877 a multiple of 9927?
False
Is 385 a factor of 878646?
False
Is 17 a factor of 6667910?
True
Is 14212426 a multiple of 456?
False
Is 22 a factor of 26189997?
False
Is 885780 a multiple of 630?
True
Is 10 a factor of 1057648076?
False
Is 1285 a factor of 163056220?
True
Is 19 a factor of 37373701?
False
Does 263 divide 25150605?
False
Is 63942276 a multiple of 15?
False
Is 4382775 a multiple of 151?
True
Is 184 a factor of 61716412?
False
Is 1176684462 a multiple of 1242?
True
Is 15 a factor of 64284390?
True
Does 1462 divide 1448703110?
True
Is 74675580 a multiple of 5?
True
Is 28783399 a multiple of 2309?
False
Is 379471393 a multiple of 657?
False
Is 7 a factor of 17901065?
Tru